76. What is the units digit of y?
6
What is the units digit of 9591/2 + 2/(-4)?
5
Let k(o) = o**2 + 10*o + 8. Let h be k(-6). Let f(l) = -6*l - 9. Let n be f(-2). What is the units digit of 2 + n*h/(-6)?
0
Let z be 2/2 + -13*(1 - -2). Let o(x) = -x**3 - 2*x**2 + 3. Let f be o(-3). What is the tens digit of f/(-8)*z/3?
1
Suppose 3*v - 24 = 36. Let j be 53/5 + 8/v. Suppose j*o - 27 = 8*o. What is the units digit of o?
9
Suppose 0 = -2*l - 2*l + 204. Let m = -12 + l. What is the tens digit of m?
3
Let h = 37 + -35. Suppose v - 4*v = h*m - 123, 4*m - 266 = -2*v. What is the tens digit of m?
6
Let k be -35*(-2 - -1) + -3. Suppose 4*w = 4*o - k, w = -0*o + 3*o - 16. Suppose o*t + 23 = 5*h, 0*h - h - t = -1. What is the units digit of h?
3
Let f(i) = -110*i - 63. What is the hundreds digit of f(-7)?
7
Let l be 21*8*-1*(-2)/(-3). Let x = -35 - l. What is the tens digit of x?
7
Suppose h + 2 = -2*z + 6, 3*h = 2*z + 20. Suppose -k = -h*k + 320. What is the units digit of k?
4
Let g = 178 + 137. Let r = g - 126. What is the units digit of r?
9
Let w(o) = 7*o**3 - 3*o**2 + 2*o - 2. Let j = -5 - -7. What is the units digit of w(j)?
6
Let g(r) = r**3 - 7*r**2 + 7*r + 2. Let c(j) = -3*j - 3. Let f be c(-3). Let w be g(f). Suppose 4*z = w, 2*x - z - 4*z - 88 = 0. What is the tens digit of x?
4
Let f(h) = -11*h + 1. Let d be (-1)/(-4) - 18/8. Let n be d*(-1 - 0) + -3. What is the units digit of f(n)?
2
Suppose -4*m - v + 1955 = 0, -3*v + 8*v + 515 = m. What is the hundreds digit of m?
4
What is the tens digit of 417/1 - (-2 + -10 + 7)?
2
What is the tens digit of (-2701)/(-3) - ((-20)/15)/(-1)?
9
Let a(w) = -w**3 - 8*w**2 - 5*w - 15. Let h be a(-8). What is the units digit of 118/5 - (-10)/h?
4
Let i = 52 - 43. What is the tens digit of 14 - (-6)/(0 - i/(-6))?
1
Let c(y) = -38*y**2. Let w be c(1). What is the tens digit of w/1*(-1 - 0)?
3
Let r(x) = 12*x + 80. What is the units digit of r(11)?
2
What is the thousands digit of 2858*(14/20 - 25/125)?
1
Suppose 48 = 5*r + 28. Suppose 8*d - r*d = 788. What is the tens digit of d?
9
Suppose 3*l - l = 2, -l + 9 = 2*b. Suppose -b*j = -7*i + 2*i + 363, -5*j = -3*i + 210. What is the units digit of i?
5
Let k(t) = -t**3 + 13*t**2 + 9*t - 53. What is the units digit of k(13)?
4
Suppose 2969 = 3*j - 8*b + 4*b, 4*j = 4*b + 3956. What is the tens digit of j?
8
Suppose 4*o - 1706 = -o + 2*r, 0 = -4*o - 5*r + 1345. What is the tens digit of o?
4
Let z(u) = 5*u - 10. What is the units digit of z(8)?
0
Let z = -11 - -18. Let s(y) = y**2 - 6*y - 5. Let j be s(z). Suppose -5*l + 68 = -j. What is the units digit of l?
4
Let d(h) = h**2 - 11*h - 17. Let s be d(-8). Suppose -2*r - 3*r + s = 0. What is the tens digit of r?
2
Let i(m) = m**2 - 8*m + 12. Let n be i(6). Suppose n = w - 4*w. Let x = w + 28. What is the tens digit of x?
2
Suppose y - 5*i = -4, -y + 0 - 4 = -3*i. What is the tens digit of (-2)/(-4) + (-194)/y?
4
What is the thousands digit of (12 + 100764/24)*(-8)/(-6)?
5
Let y(p) = -2*p + 7. Let h be y(-4). Let l = -14 + h. Suppose -1 = -2*f + l. What is the units digit of f?
1
Suppose -12 = -2*j + 3*u, -2*u + 0*u = 5*j - 49. Let t be (0 + 1 - 0) + j. Suppose -t*x + 12*x = 36. What is the tens digit of x?
1
Let b(x) = 89*x - 5. Let m be b(5). Suppose -7*a = -m - 666. What is the units digit of a?
8
Suppose 0 = -0*z - 6*z + 888. What is the units digit of z?
8
Suppose 2*v - 5*v + 6 = 0. Suppose -5*g = 5*n - 3*g - 27, 0 = -2*n + v*g + 8. Suppose 3 = 3*a, n*a + 48 - 5 = 2*b. What is the tens digit of b?
2
Let c(a) = -a**3 + 9*a**2 - 9*a - 8. Let j be c(7). Let n = 21 + j. What is the units digit of n?
8
Let d be (1080/42)/((-2)/(-70)). Suppose 6*n - n + d = 0. What is the tens digit of (18/15)/((-3)/n)?
7
Let g be (-656)/28*(-14)/4. Suppose -6*f + g = -5*f. What is the tens digit of f?
8
Let w be (-176)/6 - (-6)/(-9). Let d be 2/((-4)/w*5). Suppose 5*f - f = 2*i - 48, -4*f = d*i - 72. What is the tens digit of i?
2
What is the hundreds digit of (-5)/(-1 + 0) - (-1847 - -62)?
7
Let n be (-1826)/11 - (5*-1 + 1). Let o = -58 - n. What is the hundreds digit of o?
1
Suppose -2*g = 3*t - 6*t + 532, -3*t + 512 = 2*g. What is the tens digit of (7/((-14)/t))/(-1)?
8
Suppose -5*c = -3*n - 7138, 8*n + 2858 = 2*c + 4*n. What is the tens digit of c?
2
What is the hundreds digit of ((-25)/((-850)/153))/((-2)/(-1604))?
6
Let x be (1/3)/(12/36). Suppose 11 - x = -4*b + 2*w, -20 = -3*b - 4*w. Suppose 3*u - 16 - 41 = b. What is the tens digit of u?
1
Let c(g) = g**2 + 7*g - 19. Suppose -m = -3*m - 22. What is the tens digit of c(m)?
2
Suppose 115*y - 26 = 114*y. Let u(f) = 10*f - 4. Let k be u(3). Suppose -k = -4*q + y. What is the units digit of q?
3
Suppose 2*f + 552 + 59 = j, 5*j - 5*f = 3030. What is the tens digit of j?
0
Let u(d) = -14*d + 5. Let y(g) be the third derivative of -g**4/24 + g**3/6 - 3*g**2. Let k(z) = u(z) - 6*y(z). What is the tens digit of k(-5)?
3
Suppose -5*p = -4*h - 13575, -3*h + 2696 = 53*p - 52*p. What is the tens digit of p?
1
Suppose 2*f + 4*z = -0*f + 26, -5 = -z. Let v(t) = 16*t - 1. What is the tens digit of v(f)?
4
Let l = 208 + -73. What is the tens digit of l?
3
Let l(g) = 3*g - 3. Let p be (-20)/4 + 3 + 6. Suppose -2*f = -5*b - p*f + 18, 2*f = -4*b + 14. What is the units digit of l(b)?
9
Suppose -2442 = -8*f + 3502. What is the units digit of f?
3
Suppose 0 = -5*x - 5*o + 234 + 286, -106 = -x - 3*o. Suppose 0 = -3*a + 2*j + x, 4 = -a - 2*j + 49. What is the tens digit of a?
3
Suppose -4*v - 29 = -5*w, -4*w - 4*v + 6 = -2*w. Let a(g) = g**3 - 2*g**2 - 2*g - 1. Let f be a(w). Suppose -x = -5*x + f. What is the tens digit of x?
1
Let l = -3 - -30. Let h(c) = c + 5*c**2 - 3*c**2 + l + c**3 - 2*c**2. What is the units digit of h(0)?
7
Let w = 3 + 1. Suppose -4*h = -4*d + 392, 3*d = 8*d - w*h - 491. What is the units digit of d?
9
Suppose 36*k - 135300 = 6*k. What is the hundreds digit of k?
5
Let h(p) = -p + 5. Let o be h(1). Suppose 108 = 2*d + o*z, 0 = -4*z - 27 + 11. What is the tens digit of d?
6
Let u(q) = q**2 - 12*q - 11. Let b be u(13). Suppose 3*c - 5 = b*c. Suppose 2*y - c*y - 92 = -2*s, -2*s + 84 = y. What is the units digit of s?
3
Suppose 4*n - 30 = 2*s + 10, 9 = -3*n. What is the units digit of (s/4)/((-10)/60)?
9
Let m(t) = 282*t - 11. What is the units digit of m(2)?
3
Let z be 0 + -1 - (0 + 0). Let c = 8 - z. Suppose -3*q + 9 = -c. What is the units digit of q?
6
Let t(p) = -19*p - 2. Let k(v) = -10*v - 1. Let h(a) = -11*k(a) + 6*t(a). What is the tens digit of h(-19)?
7
Let x be 0/(-4)*(0 - (-3)/(-6)). Suppose x*t + 112 = t. What is the units digit of t?
2
Let b(n) be the second derivative of n**5/20 - n**4/2 + n**2 - 6*n. Let r be b(6). Suppose -6 = r*g + 5*c - 15, -5*g + 4*c = -39. What is the units digit of g?
7
Let g(u) = 5*u - 13. Let m(d) = -3*d - 4. Let a(h) = 8*h + 11. Let j(x) = -4*a(x) - 11*m(x). Let i(o) = g(o) - 4*j(o). What is the units digit of i(17)?
4
Suppose 4*r = 27 + 129. Let h = 75 + r. What is the tens digit of h?
1
Let h(p) = -1 - 2*p - 5*p - p**2 + 10. Let x be h(-7). Let m = 15 + x. What is the tens digit of m?
2
Suppose -223 - 428 = -3*b. Suppose 3*p = 5*m + 401, -3*p + 4*m + 183 = -b. What is the tens digit of p?
3
Let a(f) = -f**2 + 12*f - 19. Let m be a(9). Let i be 22/m + 4/16. What is the units digit of 7*(14/2 - i)?
8
Let s(a) = 2*a - 6. Let l be s(7). Suppose -l*r + 0*r + 824 = 0. What is the tens digit of r?
0
Suppose -3*r = 3*f + 18 - 6, -3*f = -5*r - 20. Suppose f = -3*m - 124 - 44. What is the units digit of (-1608)/m - (-2)/7?
9
Let w = 364 + -275. What is the tens digit of w?
8
Let y = 27 - 7. Suppose -y = -0*h + 2*h. Let q = h + 57. What is the tens digit of q?
4
Suppose 5 = -5*m - 0. Let u be (2 - 1)*m/(-1). What is the units digit of (0 - -18)/(2/u)?
9
What is the hundreds digit of ((-28)/8*6)/((-5)/105)?
4
Let x(b) = -428*b**3 + b**2 + b + 1. What is the units digit of x(-1)?
9
Let j be (-1 + (-18)/10)*5. Let y(a) be the second derivative of a**5/20 + 7*a**4/6 - a**3/2 - 7*a**2 - 60*a. What is the units digit of y(j)?
8
Let q(h) be the second derivative of 17*h**3/6 + 33*h**2/2 - h + 6. What is the tens digit of q(10)?
0
Suppose 0*w + 2*w - 70 = -2*n, -n - 4*w = -38. Suppose -188 + n = -2*o. What is the units digit of o?
7
Suppose 10*q = 20 - 1